{"id":74,"date":"2013-01-08T21:49:11","date_gmt":"2013-01-08T20:49:11","guid":{"rendered":"http:\/\/www.rassetauben-potreck.de\/?page_id=74"},"modified":"2013-03-13T17:44:05","modified_gmt":"2013-03-13T16:44:05","slug":"personlich","status":"publish","type":"page","link":"http:\/\/www.rassetauben-potreck.de\/?page_id=74","title":{"rendered":"Pers\u00f6nlich&#8230;"},"content":{"rendered":"<p style=\"text-align: justify;\"><strong>Hier stelle ich mich kurz vor!<\/strong><\/p>\n<p style=\"text-align: justify;\">Schon seit fr\u00fchester Kindheit geh\u00f6ren Tauben, Gefl\u00fcgel und Kleintiere zu meinem Leben. Geboren und aufgewachsen bin ich im Westf\u00e4lischen Ahaus direckt an der Niederl\u00e4ndischen Grenze, wo ich auch heute noch mit meiner Lebensgef\u00e4hrtin lebe und eine ganze Reihe von Kleintieren halte.<\/p>\n<p style=\"text-align: justify;\">Ich bin \u00fcber meinen Vater der Zeit seines Lebens leidenschaftlicher Gefl\u00fcgelz\u00fcchter war zu diesem Hobby gekommen. Mein Vater war ein Gefl\u00fcgelz\u00fcchter der sich ausschlie\u00dflich mit H\u00fchnerrassen besch\u00e4ftigte. Schwarze Australorps waren \u00fcber Jahrzehnte seine Hauptrasse.<\/p>\n<p style=\"text-align: justify;\">Auch bei mir waren es zu n\u00e4chst H\u00fchnerrassen mit denen ich eine lange Laufbahn als Gefl\u00fcgelz\u00fcchter beginnen sollte. Sussex, Zwerg Australops, Paduaner und nicht zuletzt Antwerpener Bartzwerge z\u00fcchtete ich mit Begeisterung.<\/p>\n<p style=\"text-align: justify;\">Doch auch wenn ich immer mal wieder den H\u00fchnerrassen verfallen bin, so waren es doch die verschiedensten Taubenrassen f\u00fcr die ich mich im laufe der Jahre immer mehr begeistern konnte. Es bev\u00f6lkerten die verschiedensten Taubenrassen meine Taubenschl\u00e4ge, Schlesische Kr\u00f6pfer, Niederl\u00e4ndische Hochflieger, Modena, Arabische Trommeltauben, Altenburger Trommeltauben, Altdeutsche M\u00f6vchen, Libanon Tauben immer wieder die King Tauben und nat\u00fcrlich der Amsterdamer Kr\u00f6pfer der meine ganze bisherige Z\u00fcchter Laufbahn begleitet hat. Fast in allen Farbenschl\u00e4gen in denen er anerkannt ist habe ich diesen Temperamentvollen Zwergkr\u00f6pfer gez\u00fcchtet, und so ist es auch nicht weiter verwunderlich das ich mit dieser Rasse meine Gr\u00f6\u00dften Erfolge feiern konnte.<\/p>\n<p style=\"text-align: justify;\">Aktive Taubenz\u00fcchter sind auch meistens auf anderen Ebenen im Vereinsleben gefragt und werden immer wieder gefordert, so war ich lange Jahre Vorsitzender in meinem Ortsverein und bin auch heute noch aktiv im Vorstand t\u00e4tig. In Sondervereinen hatte ich die verschiedensten \u00c4mter inne und bin Preisrichter seit 1986.<\/p>\n<p style=\"text-align: justify;\">Zwei Hunde und zwei Island Pferde f\u00fcllen heute meine Freizeit aus in der ich mal nicht bei den Tauben bin. \u00dcber meine Lebensgef\u00e4hrtin bin ich mit nunmehr 51 Lebensjahren an den Reitsport gekommen. Und ich kann nur sagen eine tolle Sache! Nun ja alles Gl\u00fcck der Erde liegt ja bekanntlich auf dem R\u00fccken der Pferde! Ganz so ist das dann bei mir wohl nicht, ein Leben mit den Tauben ist und wird wohl noch l\u00e4nger mein gr\u00f6\u00dftes Gl\u00fcck bedeuten.<\/p>\n","protected":false},"excerpt":{"rendered":"<p>Hier stelle ich mich kurz vor! Schon seit fr\u00fchester Kindheit geh\u00f6ren Tauben, Gefl\u00fcgel und Kleintiere zu meinem Leben. Geboren und aufgewachsen bin ich im Westf\u00e4lischen Ahaus direckt an der Niederl\u00e4ndischen Grenze, wo ich auch heute noch mit meiner Lebensgef\u00e4hrtin lebe und eine ganze Reihe von Kleintieren halte. Ich bin \u00fcber meinen Vater der Zeit seines [&hellip;]<\/p>\n","protected":false},"author":1,"featured_media":0,"parent":0,"menu_order":0,"comment_status":"open","ping_status":"open","template":"","meta":{"site-sidebar-layout":"default","site-content-layout":"","ast-site-content-layout":"default","site-content-style":"default","site-sidebar-style":"default","ast-global-header-display":"","ast-banner-title-visibility":"","ast-main-header-display":"","ast-hfb-above-header-display":"","ast-hfb-below-header-display":"","ast-hfb-mobile-header-display":"","site-post-title":"","ast-breadcrumbs-content":"","ast-featured-img":"","footer-sml-layout":"","ast-disable-related-posts":"","theme-transparent-header-meta":"","adv-header-id-meta":"","stick-header-meta":"","header-above-stick-meta":"","header-main-stick-meta":"","header-below-stick-meta":"","astra-migrate-meta-layouts":"default","ast-page-background-enabled":"default","ast-page-background-meta":{"desktop":{"background-color":"var(--ast-global-color-4)","background-image":"","background-repeat":"repeat","background-position":"center center","background-size":"auto","background-attachment":"scroll","background-type":"","background-media":"","overlay-type":"","overlay-color":"","overlay-opacity":"","overlay-gradient":""},"tablet":{"background-color":"","background-image":"","background-repeat":"repeat","background-position":"center center","background-size":"auto","background-attachment":"scroll","background-type":"","background-media":"","overlay-type":"","overlay-color":"","overlay-opacity":"","overlay-gradient":""},"mobile":{"background-color":"","background-image":"","background-repeat":"repeat","background-position":"center center","background-size":"auto","background-attachment":"scroll","background-type":"","background-media":"","overlay-type":"","overlay-color":"","overlay-opacity":"","overlay-gradient":""}},"ast-content-background-meta":{"desktop":{"background-color":"var(--ast-global-color-5)","background-image":"","background-repeat":"repeat","background-position":"center center","background-size":"auto","background-attachment":"scroll","background-type":"","background-media":"","overlay-type":"","overlay-color":"","overlay-opacity":"","overlay-gradient":""},"tablet":{"background-color":"var(--ast-global-color-5)","background-image":"","background-repeat":"repeat","background-position":"center center","background-size":"auto","background-attachment":"scroll","background-type":"","background-media":"","overlay-type":"","overlay-color":"","overlay-opacity":"","overlay-gradient":""},"mobile":{"background-color":"var(--ast-global-color-5)","background-image":"","background-repeat":"repeat","background-position":"center center","background-size":"auto","background-attachment":"scroll","background-type":"","background-media":"","overlay-type":"","overlay-color":"","overlay-opacity":"","overlay-gradient":""}},"ngg_post_thumbnail":0,"footnotes":""},"class_list":["post-74","page","type-page","status-publish","hentry"],"_links":{"self":[{"href":"http:\/\/www.rassetauben-potreck.de\/index.php?rest_route=\/wp\/v2\/pages\/74","targetHints":{"allow":["GET"]}}],"collection":[{"href":"http:\/\/www.rassetauben-potreck.de\/index.php?rest_route=\/wp\/v2\/pages"}],"about":[{"href":"http:\/\/www.rassetauben-potreck.de\/index.php?rest_route=\/wp\/v2\/types\/page"}],"author":[{"embeddable":true,"href":"http:\/\/www.rassetauben-potreck.de\/index.php?rest_route=\/wp\/v2\/users\/1"}],"replies":[{"embeddable":true,"href":"http:\/\/www.rassetauben-potreck.de\/index.php?rest_route=%2Fwp%2Fv2%2Fcomments&post=74"}],"version-history":[{"count":6,"href":"http:\/\/www.rassetauben-potreck.de\/index.php?rest_route=\/wp\/v2\/pages\/74\/revisions"}],"predecessor-version":[{"id":605,"href":"http:\/\/www.rassetauben-potreck.de\/index.php?rest_route=\/wp\/v2\/pages\/74\/revisions\/605"}],"wp:attachment":[{"href":"http:\/\/www.rassetauben-potreck.de\/index.php?rest_route=%2Fwp%2Fv2%2Fmedia&parent=74"}],"curies":[{"name":"wp","href":"https:\/\/api.w.org\/{rel}","templated":true}]}}